actors of l?
2
Let o = -1635 - -5834. What are the prime factors of o?
13, 17, 19
Let o(v) be the third derivative of v**4/24 - 4*v**3/3 - 7*v**2. Let f be o(12). Suppose a = -2*r + 16 + 2, 0 = f*a + r - 51. List the prime factors of a.
2, 3
Let i = -234 + 554. What are the prime factors of i?
2, 5
Let r(f) = -2605*f - 41. What are the prime factors of r(-1)?
2, 641
Suppose 3*d = -d + 8. Suppose 5*l - 7 = -s, s - d*s = -5*l - 57. What are the prime factors of s*(15/(-6))/(-5)?
2
Let c = 14115 + -7996. What are the prime factors of c?
29, 211
Suppose 2*i + 3*i - 5 = -5*s, -5*s + 4 = 4*i. Let f(o) = 2*o**2 + 14*o + 25. Let c be f(-5). Let n = c + s. List the prime factors of n.
5
Suppose -5*n = -4*a - 2914, 14*a - 17*a - 1167 = -2*n. List the prime factors of n.
2, 3, 97
Let c(b) = 12*b**2 + 16*b - 7. List the prime factors of c(-7).
7, 67
Let z(a) = a**3 - 8*a**2 - 9*a + 3. Let w be z(9). Suppose w*y - 8 = 4, 2*y - 14 = -3*d. Suppose -68 = -3*f - d. What are the prime factors of f?
2, 11
Let i(r) = -r**3 - 22*r**2 - 31*r - 16. Suppose 17*l - 22*l = 105. What are the prime factors of i(l)?
2, 97
Suppose -1 = 4*t - 5. Let u = 16 + -14. List the prime factors of 27*t - (u - 4).
29
List the prime factors of 22/(-143) - (-6528)/13.
2, 251
Suppose 2*h + 0*h = 0. Suppose h = -5*k - 0 + 20. Suppose x - 4 = k. List the prime factors of x.
2
Let m(k) = 3*k. Let g be m(-1). Let w(s) = 5*s**2 + 7*s. Let l be w(-4). Let y = g + l. List the prime factors of y.
7
Suppose 4*b - 756 = 4*i, 19*i - 180 = -b + 23*i. What are the prime factors of b?
2, 3
List the prime factors of ((-3924)/(-30))/((-6)/(-15)).
3, 109
Suppose 6 = -5*b - 4. List the prime factors of b/3 - (-2686)/51.
2, 13
Suppose -13*w = -134 + 43. Suppose -2*v = w*v - 2700. What are the prime factors of v?
2, 3, 5
Let a = -2 - 17. Let d(s) = -s**2 - 20*s - 3. What are the prime factors of d(a)?
2
Suppose -14602 = -17*t + 987. What are the prime factors of t?
7, 131
Let d(s) = 2*s**3 - 14*s**2 + s - 10. Let m be d(8). Let f = 7 + m. List the prime factors of f.
7, 19
Let q = 2292 + -74. List the prime factors of q.
2, 1109
Let n(j) = 2*j**2 - 8*j + 15. List the prime factors of n(5).
5
Let f(h) = 8*h**3 + h - 1. Let c be f(1). Suppose 3*u = u + c. Suppose 0 = 5*b - u*i - 91, 4*i + i - 24 = -b. List the prime factors of b.
19
Let x(f) = -f + f + 4 + 10 + 2*f. Let y be x(-6). Suppose -3*a - 3*o + 90 = a, y*o + 28 = a. List the prime factors of a.
2, 3
Let p(z) = -3*z**3 - 2*z**2 - 8*z - 21. List the prime factors of p(-5).
2, 43
Let o = -406 + 716. What are the prime factors of o?
2, 5, 31
Let n(d) = 4*d + 13. Suppose -4*g - u + 1 = -g, -4*u - 9 = -g. Let y be ((-208)/32)/(g/(-2)). What are the prime factors of n(y)?
5, 13
Let g be 1 - (-2*1 + -1). Let a(u) = -23*u - 12. Let l(f) = -8*f - 4. Let n(j) = -3*a(j) + 8*l(j). List the prime factors of n(g).
2, 3
Suppose 3*y - 59 = -14. Let f = y - 10. Suppose 0 = -c - f + 16. List the prime factors of c.
11
What are the prime factors of (220 - 1)/(7 - (1 + 5))?
3, 73
Let f(w) = -2*w**2 - 25*w - 3. Let t be f(-13). Let o(m) = m**2 + 5*m - 3. What are the prime factors of o(t)?
173
Let s(k) be the first derivative of -7*k**5/120 - 7*k**4/24 - 5*k**3/3 - 5. Let i(v) be the third derivative of s(v). What are the prime factors of i(-4)?
3, 7
Suppose 0 = -5*z - 3*v + 74, -5*z - 3*v + 42 = -2*z. Let n(m) = 2*m - 15. Let l be n(z). What are the prime factors of (-2)/(4/l)*-2?
17
Let d(f) = f**3 + 13*f**2 + 11*f - 9. Let i be d(-12). Suppose 3*x - i - 6 = 0. List the prime factors of x.
3
Let u = -438 + -82. Suppose 72 = -2*z + 5*z. What are the prime factors of (-1)/(-3) - u/z?
2, 11
Suppose 3*q = 0, -3*a - q + 9333 = -4737. List the prime factors of a.
2, 5, 7, 67
Suppose 14*x + 10 = 19*x. Suppose -y + x = o, 3*o + 2*o - y - 22 = 0. Suppose -p - 121 = -4*u + 30, 0 = -4*u - o*p + 136. List the prime factors of u.
37
Suppose 2*n - 39 = -5*r, n = -r + 2*r + 2. Suppose 4119 = 16*a + n. What are the prime factors of a?
257
Suppose 2*p - 7 = -3. What are the prime factors of p/(-8) + 867/12?
2, 3
Suppose 3*y - 15 = -f - 0*f, 3*y = -5*f + 27. What are the prime factors of y/(-6)*(-210)/4?
5, 7
Suppose -v = -3*j + 100, -2*v = -2*j + 93 - 21. Let n = 148 - j. List the prime factors of n.
2, 29
Let k(z) = z**3 - 18*z**2 - 9*z - 71. What are the prime factors of k(25)?
4079
Let a(u) = -u**2 - 9*u + 14. Let i be a(-8). Let j = i - 41. Let h = 34 - j. List the prime factors of h.
53
Suppose -12*x + 6664 = -5*x. List the prime factors of x.
2, 7, 17
Suppose 57 = 6*l - 5*l - x, 200 = 4*l + 3*x. List the prime factors of l.
53
Let w = -154 + 472. List the prime factors of w.
2, 3, 53
Let j be ((-119)/(-14))/(1/6). Let p = j + 5. Let v = 93 - p. List the prime factors of v.
37
Let s(i) = 39*i**2 + 43*i - 35. What are the prime factors of s(6)?
1627
Let t = -23 - -28. Suppose b = 5*z + 10, -119 = -t*b + 4*z - 27. What are the prime factors of (304/b)/(4/10)?
2, 19
Let a(f) = 24*f + 6. Let y(t) = -25*t - 7. Let o(d) = -5*a(d) - 4*y(d). Let n be o(2). Let h = n - -83. List the prime factors of h.
41
Let p = -32 - -35. Suppose 0 = -p*v + 1 + 8. Suppose l - 4*l - 8 = -y, 3*l = v*y - 18. What are the prime factors of y?
5
Let z(v) = 9*v**2 + 2*v + 2. Suppose 16*j + 3 = 17*j. List the prime factors of z(j).
89
Let j(s) = 20*s**2 - s + 23. What are the prime factors of j(4)?
3, 113
Suppose 2*d - 11 = -5*z, 0 = d + z - 7 + 3. Suppose d*n + 5*p = 2*p + 231, n = -4*p + 77. List the prime factors of n.
7, 11
Suppose 5*r + 3*j + 6 = 1, -3*r + 31 = -5*j. Suppose -4*z - r*k - 2*k + 736 = 0, -3*k = 5*z - 920. List the prime factors of z.
2, 23
Suppose -5*z - 4*k = 80, -4*k - 65 = 4*z - k. Let x(h) = -3*h + 53. Let w be x(18). What are the prime factors of 5*(w - 68/z)?
2, 3
Suppose 5*x - x + 40 = 0. What are the prime factors of (22/(-4) - -4)*x?
3, 5
Let u be (-63261)/(-24) + (-4)/(-32). Suppose -11*x + 114 = -u. What are the prime factors of x?
2, 5
What are the prime factors of (-4)/(-16) + 591/4?
2, 37
Let c(g) = -19*g + 5*g + 0*g - 20*g. List the prime factors of c(-2).
2, 17
Let d(o) be the third derivative of o**6/120 + o**5/12 - o**4/8 - 7*o**3/6 + 9*o**2. Let k be d(-6). Let r = -12 - k. What are the prime factors of r?
13
Let k(l) = -29*l**3 + l + 1. Let s be k(-1). Let a be -7 - (-2 - 8/(-4) - 0). Let o = a + s. What are the prime factors of o?
2, 11
Let o(y) = -10*y - 12*y + 1 - 3*y + 23*y + 119*y**2. List the prime factors of o(1).
2, 59
Suppose 0 = -b + 39 - 22. What are the prime factors of b?
17
Suppose 8*d - 6365 - 3171 = 0. List the prime factors of d.
2, 149
Let a(w) = -2*w**2 - 1. Let b be a(2). What are the prime factors of (b + -2)*(7 + -15)?
2, 11
Let p(h) = -h**3 + 59*h**2 - 109*h - 84. List the prime factors of p(57).
3, 67
Suppose -3*m + 6 = 0, -5372 = -5*g - 2*m - 1113. What are the prime factors of g?
23, 37
Suppose 29934 + 19539 = 23*n. List the prime factors of n.
3, 239
Let z = -146 - -86. Let j be (-6)/8 - z/16. Suppose 2*k = b + 4, -k + 2*b - 1 = -j. List the prime factors of k.
2
Let u(f) = -f**3 - 7*f**2 - 7*f + 2. Let a be u(-4). Let r = a - 25. Let i = 90 + r. What are the prime factors of i?
47
Suppose 0 = n - 3*h + h - 140, -4*h = 4*n - 560. List the prime factors of n.
2, 5, 7
Let x(l) = 3*l**2 - 4*l + 13 - 1 - 5. List the prime factors of x(-4).
71
Suppose -3 = 3*d, 4*d = -f + 4 - 13. List the prime factors of 87 - f - (-5 + 4).
3, 31
What are the prime factors of (6 - 3)*247 - 3?
2, 3, 41
Suppose -6*i + 836 = -790. List the prime factors of i.
271
Let k(m) = -10*m**3 - 2*m**2 - 9*m - 17. List the prime factors of k(-3).
2, 131
Let s = -4055 - -7690. List the prime factors of s.
5, 727
Suppose 9 = 4*z - 11. Suppose -12 = -4*k - 0*v - 3*v, -16 = -4*v. Let b = z + k. What are the prime factors of b?
5
Let d = 91 - 33. Let s = d - -23. List the prime factors of s.
3
Suppose -2 = s - 4. Suppose s*b = 6*b - 64. What are the prime factors of b?
2
Let x(b) = 67*b - 1. Suppose 5*n - 12 = -4*t + 4*n, -2*t + 6 = 3*n. List the prime factors of x(t).
2, 5
List the prime factors of (-6 + -2)/((-4)/204).
2, 3, 17
Let c = 15 - 12. Suppose 0*v + c*v = 0. Suppose v = 5*f - 6*f + 63. List the prime factors of f.
3, 7
Let o(p) = 71*p - 20. Let a be o(6). Suppose 4*i = a 